?
3, 19572271
List the prime factors of 257797603.
7, 36828229
What are the prime factors of 611548395?
3, 5, 17, 37, 64817
What are the prime factors of 24333843?
3, 8111281
What are the prime factors of 1181316933?
3, 677, 64627
What are the prime factors of 36776091?
3, 11, 1114427
What are the prime factors of 82067126?
2, 17, 2413739
List the prime factors of 88176913.
11, 1063, 7541
What are the prime factors of 559152042?
2, 3, 93192007
List the prime factors of 313324251.
3, 37, 2822741
List the prime factors of 23845802.
2, 23, 518387
What are the prime factors of 1153814681?
71, 16250911
List the prime factors of 38563622.
2, 19281811
What are the prime factors of 131401155?
3, 5, 193, 45389
What are the prime factors of 1171613864?
2, 191, 766763
What are the prime factors of 601780195?
5, 17, 7079767
List the prime factors of 125622135.
3, 5, 43, 64921
List the prime factors of 416677427.
416677427
List the prime factors of 40493935.
5, 61, 103, 1289
List the prime factors of 357893756.
2, 11, 29, 41, 6841
List the prime factors of 8337517.
8337517
List the prime factors of 500477853.
3, 29, 73, 78803
List the prime factors of 114904832.
2, 7, 37, 1733
What are the prime factors of 1207746143?
31, 41, 950233
List the prime factors of 261240945.
3, 5, 7, 2488009
What are the prime factors of 107959712?
2, 7, 481963
What are the prime factors of 95366300?
2, 5, 191, 4993
List the prime factors of 1041096203.
7, 19, 167, 2467
List the prime factors of 1904028230.
2, 5, 13, 14646371
What are the prime factors of 545309763?
3, 181769921
List the prime factors of 3110541338.
2, 19, 1481, 2909
What are the prime factors of 597726339?
3, 7, 19, 269, 5569
List the prime factors of 1439697813.
3, 773, 620827
List the prime factors of 69812960.
2, 5, 7, 83, 751
What are the prime factors of 1284321455?
5, 256864291
List the prime factors of 118944126.
2, 3, 7, 34963
List the prime factors of 357702939.
3, 11, 37, 43, 757
List the prime factors of 2892489303.
3, 11, 557, 157363
List the prime factors of 248027065.
5, 11, 13, 346891
List the prime factors of 19057200.
2, 3, 5, 15881
List the prime factors of 49213363.
19, 2590177
What are the prime factors of 61879666?
2, 43, 157, 4583
What are the prime factors of 2534071089?
3, 11, 61, 769, 1637
List the prime factors of 855386219.
229, 661, 5651
What are the prime factors of 399582296?
2, 49947787
What are the prime factors of 913123550?
2, 5, 17, 281, 3823
List the prime factors of 955027946.
2, 14489, 32957
What are the prime factors of 1053021680?
2, 5, 13162771
What are the prime factors of 3046937148?
2, 3, 379, 919
List the prime factors of 1315190771.
17, 59, 67, 19571
List the prime factors of 2351182488.
2, 3, 8521, 11497
List the prime factors of 366486382.
2, 67, 281, 9733
List the prime factors of 150731672.
2, 7, 13, 31, 6679
What are the prime factors of 529378987?
529378987
List the prime factors of 150366772.
2, 37591693
List the prime factors of 572298599.
572298599
List the prime factors of 333846.
2, 3, 17, 1091
What are the prime factors of 4171514418?
2, 3, 953707
List the prime factors of 1641416802.
2, 3, 19, 14398393
What are the prime factors of 394857887?
394857887
List the prime factors of 203479278.
2, 3, 3793, 8941
List the prime factors of 895247988.
2, 3, 74603999
What are the prime factors of 197727413?
13, 61, 249341
What are the prime factors of 1308373868?
2, 2099, 155833
List the prime factors of 225223599.
3, 17, 29, 197, 773
List the prime factors of 4734224200.
2, 5, 353, 67057
What are the prime factors of 11805392?
2, 43, 17159
List the prime factors of 30700752.
2, 3, 639599
List the prime factors of 33750642.
2, 3, 1123, 5009
What are the prime factors of 73236350?
2, 5, 11, 133157
List the prime factors of 2100172215.
3, 5, 109, 839, 1531
List the prime factors of 19527666.
2, 3, 1291, 2521
What are the prime factors of 17655437?
17655437
What are the prime factors of 3875327301?
3, 251, 5146517
What are the prime factors of 442810430?
2, 5, 229, 193367
What are the prime factors of 880917560?
2, 5, 17, 739, 1753
List the prime factors of 1740468543.
3, 11, 52741471
What are the prime factors of 3368396?
2, 19, 23, 41, 47
List the prime factors of 207951831.
3, 467, 49477
List the prime factors of 345118758.
2, 3, 37, 1554589
What are the prime factors of 1255025028?
2, 3, 601, 174019
List the prime factors of 112084817.
13, 347, 24847
List the prime factors of 3004522675.
5, 7, 11, 193, 8087
List the prime factors of 128825859.
3, 29, 1480757
List the prime factors of 74013737.
7, 71, 148921
List the prime factors of 448509086.
2, 41, 383, 14281
What are the prime factors of 576984859?
11, 52453169
List the prime factors of 2251166997.
3, 53, 61, 232103
List the prime factors of 812558536.
2, 23, 4416079
What are the prime factors of 618641352?
2, 3, 7, 1227463
What are the prime factors of 688216490?
2, 5, 13, 71, 173, 431
List the prime factors of 206668358.
2, 13, 19, 418357
List the prime factors of 6479547758.
2, 811, 3994789
What are the prime factors of 79558797?
3, 26519599
List the prime factors of 903714130.
2, 5, 11, 53, 379, 409
What are the prime factors of 66645541?
41, 1625501
What are the prime factors of 441224444?
2, 29, 3803659
What are the prime factors of 105507798?
2, 3, 11, 19, 84137
What are the prime factors of 177875690?
2, 5, 97, 183377
List the prime factors of 1175339688.
2, 3, 97, 504871
What are the prime factors of 542482531?
23, 23586197
List the prime factors of 818954871.
3, 7, 2699, 14449
What are the prime factors of 49020621?
3, 13, 1256939
List the prime factors of 36224702.
2, 37, 59, 8297
What are the prime factors of 704126416?
2, 7, 23, 61, 4481
What are the prime factors of 134625643?
134625643
What are the prime factors of 453271445?
5, 11, 749209
What are the prime factors of 451303484?
2, 112825871
What are the prime factors of 52905098?
2, 4691, 5639
What are the prime factors of 72479472?
2, 3, 13, 41, 2833
What are the prime factors of 536079703?
29, 373, 49559
What are the prime factors of 3857234178?
2, 3, 7, 137, 449, 1493
List the prime factors of 18213142.
2, 1549, 5879
List the prime factors of 7574519942.
2, 11, 23, 107, 139901
What are the prime factors of 1193899106?
2, 596949553
List the prime factors of 3584100697.
43, 1871, 44549
What are the prime factors of 419148738?
2, 3, 23286041
What are the prime factors of 65436774?
2, 3, 13, 17, 61, 809
List the prime factors of 21082105.
5, 11, 587, 653
List the prime factors of 130161006.
2, 3, 107, 2503
What are the prime factors of 254249107?
7, 23, 1579187
What are the prime factors of 44769452?
2, 7, 13, 9461
What are the prime factors of 2367209229?
3, 7, 11, 317, 32327
List the prime factors of 2705626698.
2, 3, 20089, 22447
List the prime factors of 13695225.
3, 5, 182603
What are the prime factors of 3443957650?
2, 5, 7, 347, 4051
What are the prime factors of 69758268?
2, 3, 2039, 2851
List the prime factors of 2517614691.
3, 977, 858961
List the prime factors of 75706638.
2, 3, 7, 359, 5021
List the prime factors of 1311362288.
2, 37, 113, 19603
List the prime factors of 183853413.
3, 20428157
What are the prime factors of 122913463?
227, 541469
List the prime factors of 12675591.
3, 17, 82847
What are the prime factors of 77983473?
3, 2879, 9029
List the prime factors of 269513415.
3, 5, 191, 31357
List the prime factors of 53558994.
2, 3, 43, 207593
List the prime factors of 394009450.
2, 5, 7880189
List the prime factors of 20254676.
2, 13, 389513
List the prime factors of 26781856.
2, 41, 137, 149
List the prime factors of 496853941.
496853941
List the prime factors of 35648793.
3, 3960977
List the prime factors of 30906088.
2, 59, 65479
What are the prime factors of 34094664?
2, 3, 19, 24923
What are the prime factors of 1686896046?
2, 3, 11, 41, 207797
What are the prime factors of 3772143436?
2, 943035859
What are the prime factors of 47475701?
7, 13, 157, 3323
List the prime factors of 211219079.
211219079
What are the prime factors of 986436433?
19, 199, 260893
What are the prime factors of 733175745?
3, 5, 17, 2875199
What are the prime factors of 1205251714?
2, 602625857
List the prime factors of 6081523518.
2, 3, 7,